207.
7043, 18749
List the prime factors of 777233023.
7, 31, 41, 87359
What are the prime factors of 1032066004?
2, 258016501
What are the prime factors of 696484617?
3, 232161539
List the prime factors of 324930011.
7, 89, 521557
List the prime factors of 5853039.
3, 1951013
List the prime factors of 962699.
137, 7027
What are the prime factors of 376095841?
11, 677, 50503
What are the prime factors of 2546610642?
2, 3, 17, 8322257
What are the prime factors of 147760228?
2, 7, 11, 41, 11701
What are the prime factors of 532669506?
2, 3, 29, 383, 7993
What are the prime factors of 132478324?
2, 11, 3010871
What are the prime factors of 21075463?
21075463
List the prime factors of 3072728138.
2, 17, 67, 1348871
List the prime factors of 167919560.
2, 5, 31, 191, 709
What are the prime factors of 19486808?
2, 11, 41, 491
What are the prime factors of 3640568?
2, 107, 4253
What are the prime factors of 892762854?
2, 3, 17, 29, 301813
List the prime factors of 611154407.
611154407
What are the prime factors of 1086050069?
13, 83542313
What are the prime factors of 54693403?
17, 53, 60703
What are the prime factors of 1220157895?
5, 11, 43, 515923
What are the prime factors of 824673503?
59, 107, 130631
What are the prime factors of 71915412?
2, 3, 31, 97, 1993
What are the prime factors of 95845338?
2, 3, 5324741
List the prime factors of 1080259072.
2, 43, 139, 353
What are the prime factors of 566125802?
2, 11, 25732991
List the prime factors of 8046250128.
2, 3, 7, 43, 61879
What are the prime factors of 199582549?
1039, 192091
List the prime factors of 2807723400.
2, 3, 5, 17, 71, 3877
What are the prime factors of 955087529?
11, 167, 519917
What are the prime factors of 3854525464?
2, 17, 28342099
What are the prime factors of 1129635936?
2, 3, 11, 13, 41, 223
What are the prime factors of 140312134?
2, 233, 277, 1087
What are the prime factors of 1061291670?
2, 3, 5, 71, 498259
What are the prime factors of 5064953216?
2, 39569947
List the prime factors of 29106753.
3, 13, 23, 37, 877
List the prime factors of 4439917472.
2, 17, 373, 21881
List the prime factors of 2875748248.
2, 4813, 74687
List the prime factors of 5240257.
11, 19, 25073
What are the prime factors of 787251567?
3, 19, 23, 281, 2137
What are the prime factors of 3507669289?
3507669289
What are the prime factors of 7446754219?
457, 16294867
List the prime factors of 48233121.
3, 827, 19441
What are the prime factors of 41532608?
2, 13, 49919
What are the prime factors of 5191345?
5, 1038269
What are the prime factors of 991330138?
2, 495665069
What are the prime factors of 303000482?
2, 23, 443, 14869
What are the prime factors of 61384501?
17, 79, 45707
List the prime factors of 367386713.
61, 6022733
What are the prime factors of 470785036?
2, 179, 673, 977
What are the prime factors of 10072771?
97, 103843
What are the prime factors of 1390137345?
3, 5, 17, 311, 5843
What are the prime factors of 314879663?
7, 571, 78779
List the prime factors of 100722181.
7, 97, 148339
What are the prime factors of 2410981329?
3, 79, 10172917
List the prime factors of 1406486368.
2, 7, 31, 59, 3433
List the prime factors of 312578167.
11, 17, 317, 5273
What are the prime factors of 7969602?
2, 3, 47, 59, 479
What are the prime factors of 119882630?
2, 5, 7, 647, 2647
What are the prime factors of 6437777972?
2, 197, 947, 8627
What are the prime factors of 1983517294?
2, 11, 90159877
List the prime factors of 368088023.
211, 1744493
What are the prime factors of 485892912?
2, 3, 17, 29, 20533
List the prime factors of 61344238.
2, 293, 104683
List the prime factors of 38435286.
2, 3, 41, 156241
List the prime factors of 72513130.
2, 5, 7251313
List the prime factors of 37108974.
2, 3, 7, 113, 1117
What are the prime factors of 46292626?
2, 19, 601, 2027
What are the prime factors of 147683831?
147683831
List the prime factors of 9359957.
239, 39163
What are the prime factors of 32290340?
2, 5, 29, 55673
What are the prime factors of 1225958666?
2, 37, 447757
What are the prime factors of 11143071?
3, 1238119
What are the prime factors of 1716390903?
3, 127, 4504963
What are the prime factors of 1247408015?
5, 7, 349, 102121
List the prime factors of 610953007.
7, 137, 637073
List the prime factors of 33167366.
2, 71, 131, 1783
What are the prime factors of 159815570?
2, 5, 15981557
What are the prime factors of 3586730417?
45821, 78277
What are the prime factors of 868290293?
13, 1459, 45779
What are the prime factors of 73362299?
73, 1004963
List the prime factors of 1690451288.
2, 1093, 193327
What are the prime factors of 268966576?
2, 1831, 9181
List the prime factors of 248303402.
2, 181, 281, 2441
What are the prime factors of 298602051?
3, 11, 331, 27337
What are the prime factors of 28543585?
5, 7, 41, 19891
List the prime factors of 48228988.
2, 12057247
List the prime factors of 81989703.
3, 9109967
List the prime factors of 55241547.
3, 18413849
What are the prime factors of 114876290?
2, 5, 11487629
What are the prime factors of 17423030?
2, 5, 1742303
List the prime factors of 49485201.
3, 16495067
List the prime factors of 1840775649.
3, 5581, 109943
What are the prime factors of 4035909090?
2, 3, 5, 71, 1894793
List the prime factors of 570898896.
2, 3, 17, 699631
List the prime factors of 7903465526.
2, 11, 29, 12387877
What are the prime factors of 37477728?
2, 3, 19, 761
What are the prime factors of 1237682076?
2, 3, 17, 53, 114473
List the prime factors of 529413040.
2, 5, 13, 31, 16421
List the prime factors of 139494105.
3, 5, 19, 163151
List the prime factors of 2800306503.
3, 1993, 156119
List the prime factors of 520209466.
2, 7, 37157819
List the prime factors of 115790309.
113, 1024693
What are the prime factors of 3179414361?
3, 23, 59, 780991
List the prime factors of 232104980.
2, 5, 29, 139, 2879
List the prime factors of 4571641.
23, 113, 1759
What are the prime factors of 30188438?
2, 7, 2156317
What are the prime factors of 704193898?
2, 23, 15308563
What are the prime factors of 967644593?
167, 5794279
What are the prime factors of 3928538638?
2, 1964269319
What are the prime factors of 113837240?
2, 5, 11, 258721
What are the prime factors of 89078863?
89078863
List the prime factors of 165946262.
2, 139, 596929
What are the prime factors of 446683321?
7, 63811903
What are the prime factors of 529012327?
17971, 29437
What are the prime factors of 11479502?
2, 1091, 5261
What are the prime factors of 39023902?
2, 73, 137, 1951
List the prime factors of 419984348.
2, 7, 499, 30059
What are the prime factors of 211178425?
5, 37, 228301
List the prime factors of 119191555.
5, 7, 3405473
List the prime factors of 1854740301.
3, 4283, 144349
List the prime factors of 200626126.
2, 1571, 63853
List the prime factors of 3437217952.
2, 7, 19, 79, 10223
What are the prime factors of 9522353?
29, 328357
What are the prime factors of 130393222?
2, 29, 101, 22259
What are the prime factors of 194995941?
3, 7, 1326503
What are the prime factors of 19015650?
2, 3, 5, 42257
List the prime factors of 910929341.
7, 130132763
List the prime factors of 518284986.
2, 3, 53, 619, 2633
List the prime factors of 5712560365.
5, 67, 17052419
List the prime factors of 1099233455.
5, 307, 811, 883
What are the prime factors of 255563547?
3, 19, 4483571
What are the prime factors of 4307015245?
5, 13, 1657, 39989
List the prime factors of 2718447.
3, 73, 12413
List the prime factors of 3619102011.
3, 7, 137, 223, 5641
What are the prime factors of 24020371?
17, 67, 21089
List the prime factors of 427438482.
2, 3, 29, 1451, 1693
What are the prime factors of 180829831?
7, 13, 152857
What are the prime factors of 203409745?
5, 7, 11, 479, 1103
What are the prime factors of 3757778061?
3, 1252592687
List the prime factors of 84148174.
2, 11, 461, 8297
What are the prime factors of 90091773?
3, 2251, 4447
List the prime factors of 887829271.
7, 126832753
What are the prime factors of 47699171?
13, 23, 29, 5501
List the prime factors of 16051760.
2, 5, 283, 709
List the prime factors of 180541649.
17, 43, 246979
What are the prime factors of 175226499?
3, 7, 73, 5443
List the prime factors of 970508058.
2, 3, 13, 12442411
List the prime factors of 1082000.
2, 5, 541
What are the 